 = y*w - 27. What is the tens digit of w?
3
Let o(p) = -2*p + 37. Let y be o(-16). Let b = y - -93. What is the units digit of b?
2
Let v = 1622 - 963. What is the tens digit of v?
5
Suppose -8*x = -10*x + 20. Suppose 2*g = -x + 34. Let n = g + 3. What is the units digit of n?
5
Let t(f) = -f**3 + 14*f**2 + 6*f + 27. What is the hundreds digit of t(11)?
4
Let q(n) = 6*n**2 + n - 4. Let r be q(4). Suppose h - 48 - 147 = 5*g, -g = -2*h + 354. Let i = h - r. What is the tens digit of i?
7
Suppose -z = 3*z + p + 62, -2*z - 4*p - 38 = 0. What is the units digit of 1032/10 - 12/z?
4
Let a(p) be the second derivative of 0*p**4 + 0 - 8*p - 1/10*p**5 + 1/3*p**3 + 0*p**2. What is the units digit of a(-2)?
2
Let x(b) = b**2 + 46. Let h be x(0). Suppose -4*f + h + 6 = 0. Suppose 0 = -5*v, f = 3*o + v - 29. What is the units digit of o?
4
Suppose 0 = -p + 2*a + 242, 2*p - 698 = 5*a - 215. What is the tens digit of p?
4
Let j(s) = 9*s**2 - 16*s - 187. What is the tens digit of j(-9)?
8
What is the units digit of (-21223)/(-57) + 1/(-3)?
2
Let t be (-1)/(-1) + (-168)/(-12). Let p be 20/t*(-39)/(-1). Suppose 4*c = -p + 272. What is the units digit of c?
5
Let p = 383 + 812. What is the hundreds digit of p?
1
Let p(n) = 122*n - 102. What is the tens digit of p(3)?
6
Let m(q) = -q**3 - q**2 - 1. Let w(t) = 5*t**3 + 11*t**2 - 5*t + 14. Let o(f) = -6*m(f) - w(f). What is the tens digit of o(7)?
2
Suppose 74*z = 70*z - 5*y + 2723, 0 = -5*z + 3*y + 3450. What is the units digit of z?
7
Let n(q) = 97*q**2 - 14*q - 4. What is the tens digit of n(3)?
2
Let n = -930 + 1302. What is the hundreds digit of n?
3
Suppose 0 = 26*j - 83693 - 26937. What is the thousands digit of j?
4
Let f(l) = -3*l - 4. Let b be f(-11). Suppose 3*h = 5*j, 4 = -5*j - 2*h + b. What is the units digit of j?
3
Let j(r) = -r**2 + 3*r - 1. Let u be j(3). Let c be (1 - u)/((-4)/6). What is the units digit of 16/(-12)*c - -30?
4
Suppose -7*h + 3867 = -6*h + a, 7743 = 2*h - a. What is the hundreds digit of h?
8
Suppose 0 = -6*z + 3862 + 1460. What is the hundreds digit of z?
8
Suppose 5*r - 4*i = 254, 0*i - 54 = -r + 4*i. Let f = r + -27. Suppose f = 3*p - 2*p. What is the units digit of p?
3
Suppose -v = -2*v + 2. Suppose v*o + 162 = 3*i, -3*i + 0*i + 162 = -5*o. What is the tens digit of i?
5
Let w = -100 + 109. Suppose w*x = 2*x + 1960. What is the tens digit of x?
8
Let t be (-6)/16 - (-4290)/(-208). Let a(b) = b**2 - 4*b + 1. Let c be a(3). Let u = c - t. What is the tens digit of u?
1
Let m = -9 + 30. Suppose m + 57 = -3*z. Let k = 14 - z. What is the tens digit of k?
4
Let w(z) = z + 36. Let d = -32 + 24. What is the tens digit of w(d)?
2
Suppose 2*i + 10 = 20. Suppose 0 = j - i*y - 48, 4*j + 32 = -5*y + 224. What is the units digit of j?
8
Let h(c) = 14*c**2 - 17*c + 207. What is the hundreds digit of h(15)?
1
Suppose -65 = -6*q + q - 3*b, b = -2*q + 27. Suppose g = -3*p - 20, 4*g = 3*g - p - q. Let z = g - -37. What is the tens digit of z?
2
Let r be ((-2)/(-1))/(-4)*18. Let l = r + 12. Suppose i = -l + 7. What is the units digit of i?
4
Let x = 106 + 32. What is the units digit of x?
8
Suppose 3*j + 24 = 9*j. Suppose p = 5*m - 65, -j*m + 51 = 2*p - 3*p. What is the tens digit of m?
1
Suppose 0 = -d + 2*d - 2. Suppose 4*g - 215 = d*r + 347, 1 = -r. Suppose -5*m + g = -m. What is the units digit of m?
5
Suppose -2*g = -2*a + g - 1, 5*a = 2*g + 14. Let v(u) be the second derivative of u**4/4 + u**3/3 - 7*u**2/2 + 14*u - 12. What is the tens digit of v(a)?
4
Let u(t) = t**2 - 5*t - 2. Let c be u(-4). Suppose -c + 14 = -5*w. Suppose -4*h + w*d = 2*d - 48, -16 = -2*h - 3*d. What is the units digit of h?
1
Let p = 1103 - 434. What is the units digit of p?
9
Let s = 403 + -576. Let w = -16 - s. What is the tens digit of w?
5
Suppose 0 = -4*i - 2*p + 1128 + 1742, 3605 = 5*i - p. What is the units digit of i?
0
Let k(v) = 7*v**2 - 17*v + 1. Let c = -62 + 69. What is the tens digit of k(c)?
2
Let g = -29 + 28. Let s(i) = -104*i**3 + 2*i**2 + 2*i. What is the units digit of s(g)?
4
Let r(n) = -n + 3. Let d be r(0). Suppose -5*p + 3 = z - 67, -d*p = 2*z - 35. Let j = 7 + p. What is the units digit of j?
2
Suppose 5*y + 3*u - 741 = 6*u, -3*u - 291 = -2*y. Suppose j = -4*j + y. Suppose p - j = -4*p. What is the units digit of p?
6
Let j be (-74)/(-4)*12/6. Suppose -29 = 5*a + 61. Let q = a + j. What is the units digit of q?
9
Let x(j) = 4*j + 2*j + 2 - 3. Let f be (-3)/(-4) - 68/(-16). What is the units digit of x(f)?
9
Suppose 0 = 7*h - 6619 - 13716. What is the hundreds digit of h?
9
Suppose -6*c + 1475 = -1483. What is the units digit of c?
3
What is the hundreds digit of (-346)/(-3)*(-2 + (-1 - -9))?
6
Let i be 2/1*-4 + 0. Let r(p) = -20*p + 8 + 8*p + 10*p. What is the units digit of r(i)?
4
Let u = -9 - -14. Suppose -3*m + 2*n + 32 = 0, 2*n - 6*n = -3*m + 34. Suppose m*l = u*l + 190. What is the tens digit of l?
3
Let d(w) = 20*w**3 + 12*w**2 + 15*w - 45. What is the units digit of d(6)?
7
Suppose 12*d - 30 = 6. Suppose d*p = -6*p + 810. What is the units digit of p?
0
Let p(m) = -3*m**3 - 12*m**2 + 5*m + 17. What is the thousands digit of p(-9)?
1
Let k = 1054 + -488. What is the tens digit of k?
6
Suppose -123*w - 270 = -126*w. Let c = w - -170. What is the tens digit of c?
6
Let x = 19 - -1. Let o(k) = 13*k**3 + 27*k + 16*k**3 - 5*k - 28*k**3 - 4 - 21*k**2 + 16. What is the units digit of o(x)?
2
Let i(q) = 5*q**3 + 3*q**2 + 2*q + 2. Let o be i(-2). What is the units digit of 18/(-45)*o/4?
3
Let l(s) = 0*s - 17*s + 4*s - 24 + 7*s. What is the units digit of l(-14)?
0
Let w(r) = 3*r**3 - 20*r**2 - 21*r - 1. What is the hundreds digit of w(10)?
7
Let j(r) = 189*r + 25. What is the units digit of j(3)?
2
Suppose -5*y + 4 = 4*m, 7*y = -5*m + 3*y + 5. What is the tens digit of (92/(-12) + 4)/(m/(-24))?
8
Let g(h) = 3*h - 1. Let n be g(3). Let y(p) = p**3 - 7*p**2 - 7*p - 3. Let o be y(n). Suppose -s = -22 + o. What is the tens digit of s?
1
Let i(k) = k**3 - 5*k**2 + 9*k + 2. What is the tens digit of i(9)?
0
Let f = 3503 - 995. What is the thousands digit of f?
2
Let g(v) = -v**3 + 22*v**2 - 29*v + 5. What is the thousands digit of g(16)?
1
Let s(x) = x**3 - 4*x**2 - 5*x - 2. Let h be s(-3). Let k = -4 - h. What is the units digit of k?
6
Suppose 2*x + 0*x - 800 = 0. What is the hundreds digit of x?
4
Let w(i) = i**3 - 7*i**2 + i + 54. What is the thousands digit of w(14)?
1
Suppose 6*o - 487 = 83. What is the tens digit of o?
9
Let k = 118 - -52. What is the units digit of k?
0
Let z = 119 - 28. Suppose -z = -3*d + 50. What is the tens digit of d?
4
Let n(t) = -2*t**2 + 6*t + 1. Let u be n(-7). Let p = 248 + u. What is the units digit of p?
9
Let b(j) be the second derivative of 0 - 6*j + 1/6*j**3 + 1/2*j**2. What is the units digit of b(3)?
4
Let a = -648 + 1165. What is the tens digit of a?
1
What is the hundreds digit of 240/600*(-1 - -6156)?
4
Let g(q) = -2*q**3 + 10*q**2 + 88*q - 14. What is the hundreds digit of g(-8)?
9
Let g(h) = -21*h**3 - 3*h. Let f be g(-3). Suppose 0 = j - 9*j + f. What is the tens digit of j?
7
Suppose -3*i + 0*i - 249 = 2*x, -5*i = 5*x + 615. Let d = 216 + x. What is the tens digit of d?
9
Suppose 0 = 31*f - 18697 - 24052. What is the tens digit of f?
7
Suppose -j + 4*z = 4*j - 78, 0 = j + 5*z - 4. Let c be 4/j + 3264/42. Suppose 0 = -p - 0 + 3, 0 = 3*u - p - c. What is the tens digit of u?
2
Let v be 39/(-3) - 2/4*-2. What is the units digit of (-918)/(-14) - v/112*4?
6
Let x be 47/5 + 1 - 16/40. Let s(n) = n**3 - 9*n**2 - 2*n + 13. What is the tens digit of s(x)?
9
Suppose -60 = 4*y - y. What is the tens digit of 3/(-15) - 504/y?
2
Let y be 8/6 + 440/30. Let x = -11 + y. Let l = 30 - x. What is the units digit of l?
5
Suppose 0 = -3*g, 8*k - 3*g - 26660 = 3*k. What is the thousands digit of k?
5
Suppose 3*x - 1250 = 706. What is the tens digit of x?
5
Suppose -237*h + 230*h + 5726 = 0. What is the units digit of h?
8
Let h = -398 - -992. What is the hundreds digit of h?
5
Let g be 12/(-18) - (-20978)/(-6). What is the units digit of g/(-91) - 3/7?
8
Let o = 163 - 112. Let i = o + -32. What is the units digit of i?
9
Let t(o) = -7*o - 6. Let s be t(-6). Suppose 5*l - 2*l = -5*w + 32, l + 2*w = 12. Suppose -l*p + s = -0*p. What is the units digit of p?
9
Suppose 0*